= 11*r + 207 - 11680. Is r prime?
False
Suppose -l - 45 = -5*m, 0 = -0*m - m + l + 9. Let w(o) be the third derivative of o**4/12 - 3*o**3/2 - 6*o**2. Is w(m) prime?
False
Let j be 1*(-11*5 - -2). Let f = 384 + j. Is f a prime number?
True
Let v = -7 + 1. Let r(f) = -f - 1. Let x(s) = -7*s**2 + s + 8. Let w(d) = -3*r(d) - x(d). Is w(v) a prime number?
False
Let d = -34 + 34. Suppose -2*l - 54 + 208 = d. Is l composite?
True
Let y(i) = 76*i - 9. Let o be y(7). Let h = 2899 - o. Suppose -5*s + 5*f = -3910, f = -3*s - 2*f + h. Is s a composite number?
False
Suppose 4*u = u + 6. Let g(k) = -k**u + 0*k + 14*k**3 + 0*k**3 + 1 + 3*k. Is g(3) prime?
True
Suppose -5*b + 36929 = -9236. Is b a prime number?
False
Let b(r) = 77*r + 6. Is b(41) a prime number?
True
Let j = 1331 + -566. Is j/(-6)*4/(-6) composite?
True
Let g(z) be the first derivative of 4*z**3/3 + 13*z**2/2 + 2*z + 2. Let f = 85 + -76. Is g(f) a composite number?
False
Suppose -2*b + 6*b - 3*c - 16663 = 0, -3*c = -2*b + 8339. Is b prime?
False
Suppose -43*b + 865134 = -648251. Is b a prime number?
False
Let w be ((-1)/3)/(6/(-234)). Let d(y) = 27*y - 20. Is d(w) a prime number?
True
Let k be (1 + 0)*(10 + 0). Let u(o) = 2*o**2 + 5*o**2 + 11*o - 2*o - 5*o**2 - k. Is u(-8) a composite number?
True
Let m be ((-2)/3)/(1/18). Let r = 15 + m. Suppose -2*l - r*l + 290 = 0. Is l prime?
False
Let t(s) = -s**3 + 12*s**2 + 2*s + 3. Suppose 14 + 74 = -4*g. Let w = 32 + g. Is t(w) composite?
False
Let w(r) = -3*r. Suppose 0 = -3*s + 4*d + 1, 1 = -2*s - d - 13. Let i be w(s). Is (-138)/(-10) + 3/i prime?
False
Let z(s) = -163*s + 11. Let w be z(6). Let f = w + 2194. Is f a composite number?
True
Suppose j + 25 = -4*j, 0 = 5*d - 3*j - 25. Suppose 746 = d*r + 2*b, -4*r - 3*b = -0*b - 1490. Is r a prime number?
False
Let o be (-27)/(-2)*12/18. Is (-18110)/(-18) + o/(-81) a composite number?
True
Let q(t) = -5*t**3 + 3*t**2 - 11*t - 13. Is q(-6) composite?
True
Let n = -1683 - -9676. Is n composite?
False
Let n(c) = -4*c**3 + 21*c**2 - 29*c + 79. Is n(-16) prime?
True
Let h(d) = 93*d - 11. Is h(8) a composite number?
False
Let t(f) = 57*f**2 - 20*f - 163. Is t(-12) a prime number?
False
Suppose -2*t = -6 - 18. Suppose -3*s + 3 = -t. Suppose -2*u - 457 = -s*f + u, f + 2*u = 81. Is f a prime number?
True
Suppose 7*p - 30 = -2. Suppose -864 = -q - 3*a + 2368, p*q - 12998 = 2*a. Is q prime?
False
Let z = 40 + -28. Let d be z*((-33)/(-9) - 3). Is ((-102)/d)/(3/(-8)) a prime number?
False
Let o(u) = u**3 + 3*u**2 + 4. Let z(h) = h + 5. Let s be z(-8). Let p be o(s). Suppose -2*f = -2*l + 2*f + 410, -p*l + 832 = -2*f. Is l prime?
False
Suppose -2 - 1 = 3*i + u, 0 = -3*i + u + 3. Suppose v = 5*b - 2397, i = -3*v - 0 - 6. Is b a composite number?
False
Is 1816/(2/1) + -1 composite?
False
Let c = 6422 - 1295. Is c a composite number?
True
Let d = 12708 - 2047. Is d a prime number?
False
Let m be 13871/(-26) + (-6)/(-4). Let a = m + 1059. Is a prime?
False
Let j be ((-39)/(-52))/(2/8). Suppose j*i - 26 = -11. Suppose -4*k - v = -623, 2*k + i*v - 204 = 121. Is k a prime number?
False
Let u(v) be the third derivative of -29*v**4/24 + 10*v**3/3 - 3*v**2. Is u(-7) composite?
False
Suppose 4*q + 27307 = 3*k, 2*k + q - 6900 = 11301. Is k composite?
True
Let o = 2144 + -4388. Let l = -1337 - o. Is l composite?
False
Suppose 38*f = 13*f + 48550. Is f composite?
True
Let y = 7 - 16. Let x be 16/6*y/(-6). Suppose 4 = -x*u, -p = -2*u - 73 - 20. Is p a composite number?
True
Let v(b) = -393*b**3 - 6*b**2 - 4*b - 1. Is v(-2) prime?
False
Let x(c) = 213*c**2 - 214*c**2 + c + 15 + 0*c. Let r be x(0). Is 4608/r + (-2)/10 a prime number?
True
Suppose 17 = b - 3*p, -10 - 4 = -2*b + 2*p. Suppose 0 = -2*f - b*n + 217 + 393, -2*n = -5*f + 1539. Is f a composite number?
False
Suppose -32 - 24 = 4*r. Let p = r - -14. Is p + -2 - (1 - 134) composite?
False
Let t = -35 - -18. Let j(v) = -49*v - 18. Is j(t) a prime number?
False
Suppose -5*q + 47063 = -f, 4*f = -5*q + 4*q + 9421. Is q a composite number?
False
Suppose -7*r - 25 = -2*r, 419 = -2*t - 5*r. Let k be (-413)/3 + 9/(-27). Let y = k - t. Is y a composite number?
False
Suppose 11 + 37 = -4*y. Let u be (y/(-9))/(4/9). Suppose 0 = 8*r - u*r - 1705. Is r prime?
False
Let f be ((0/1)/(-5))/2. Suppose w + f*w - 155 = 0. Is w a prime number?
False
Suppose 4*t = 4*v - 208, -4*v = 4*t + 267 - 27. Suppose -400 = 5*z - 2*f - 3*f, -398 = 5*z - 4*f. Let h = t - z. Is h composite?
True
Let q(f) = f**3 + 8*f**2 + 2*f - 10. Let i be q(-7). Let g = i + -62. Let j = 86 + g. Is j a composite number?
True
Let z = -6324 - -9298. Is z prime?
False
Suppose 0 = 3*r - 3, 11*r = n + 12*r - 2100. Is n a composite number?
False
Suppose -5*t = 5*t - 172210. Is t prime?
False
Suppose 4*j = 43 + 13. Let h = -38 + 15. Let r = j - h. Is r a composite number?
False
Let m(n) = 2579*n**2 - 3*n + 31. Is m(-3) a prime number?
True
Is ((-16)/56)/(-1) - 85041/(-7) a prime number?
True
Let h = -8 - -12. Let r(s) = s**3 + 5*s**2 + 9*s + 8. Let b be r(-2). Suppose 3*w - b*t = 197, h*w + 3*t + 25 = 282. Is w composite?
True
Let h(i) be the third derivative of 0*i + 1/15*i**5 - 4*i**2 - 1/2*i**3 - 1/6*i**4 + 0. Is h(5) composite?
True
Suppose 3*b = 4*z + b - 3474, -4*z - 4*b + 3480 = 0. Is z a composite number?
True
Suppose 25*t - 31*t + 59298 = 0. Is t a prime number?
True
Let t(x) = 69*x**2 - 52*x + 103. Is t(-18) a prime number?
False
Let k be (-4 + 129)/(2 + -3). Let y = k - -496. Is y a composite number?
True
Suppose -s + 351 = -j, -6*j + 345 = s - j. Suppose 2*c = -0*c - 6. Is s + (c - -7) + -1 a prime number?
True
Let m(x) = -46*x - 3. Let u be m(3). Is 1 - u - (-12)/4 a composite number?
True
Suppose t - 1 + 0 = 0. Let h be (4 - -9)/(t/3). Suppose n + 0*n - 27 = 5*g, g - h = -n. Is n a composite number?
False
Let i be 3*1 - (-3 - -154). Let x = -587 + 326. Let o = i - x. Is o a prime number?
True
Let m(t) = 117*t - 14 + 1 + 59*t + 0. Is m(3) a composite number?
True
Let o be -3 + -3 + 2 + 3. Let x be 636 - 3/((-3)/o). Let c = -342 + x. Is c a composite number?
False
Suppose 0 = -g + 2*d + 323, g - 192 - 96 = -5*d. Let u be 52224/(-240) - 4/10. Let p = u + g. Is p prime?
False
Let l = 59 - 59. Suppose l = 12*o - 6*o - 474. Is o a prime number?
True
Let z(s) = -230*s**3 - s**2 - 6*s - 4. Let c be z(-1). Let d be ((3 + -2)*-13)/(-1). Suppose 10*y + c = d*y. Is y a prime number?
False
Let z(s) = -s**3 - 4*s**2 + 4*s + 6. Let f be z(-4). Let v be 10 + f + (-2)/(-1). Suppose -2*k + 54 = 4*b - 58, 0 = -2*b + v*k + 44. Is b a prime number?
False
Suppose 7*u - 66948 = -18179. Suppose -11*o + u = 510. Is o composite?
False
Let f = -809 - -57. Let g = -87 + -430. Let a = g - f. Is a a prime number?
False
Let q = 1625 + -2709. Let m = q - -1641. Is m prime?
True
Suppose 2*u - 13 = -z, -3*z + 8*z = 4*u - 5. Suppose 0 = -u*s + l + 3996, s - 4*l - 85 = 718. Is s a prime number?
False
Let g(x) = -44*x + 19. Let w be g(4). Let z = -120 - w. Is z a prime number?
True
Let m(x) = 8*x + 23 + 13*x**2 - 7 + 0*x. Is m(-5) a composite number?
True
Suppose o - 2*o + 2*y = -18, 0 = -2*o + 3*y + 33. Is (4/3)/(o/666) a composite number?
True
Let i be -15 - (4 - 7) - -3. Let p(d) = -14*d - 5. Is p(i) composite?
True
Suppose -5*z - 49 = 4*n - 7*n, -3*z - 45 = -3*n. Suppose 2166 = h + n. Is h a composite number?
False
Suppose -x + 1910 + 128 = 0. Suppose 3127 = -3*v + 184. Let m = v + x. Is m prime?
False
Let g = 2420 + -464. Suppose y + x + 61 = 2047, y - 5*x = g. Is y a composite number?
True
Let y(c) be the third derivative of 0 + 0*c + 1/6*c**3 - c**2 + 1/6*c**5 - 3/8*c**4. Is y(6) prime?
True
Let s = 1056 + -477. Let g = 1068 - s. Is g a composite number?
True
Let p be (-2)/3 - 4/3. Let j be p/(-5) - 5774/10. Let t = -246 - j. Is t a prime number?
True
Is 7110/4 + 5/2 + -3 composite?
False
Let w(v) = 30*v**2 - 71*v - 162. Is w(-31) composite?
False
Let u = 20 + 64. Let s = u + -58. Is s a prime number?
False
Suppose 3*a - 10 = -1. Is (0 - a)*(-901)/51 a prime number?
True
Let u(h) = -h**2 + 6*h + 9. Let v be u(7). Let l(n) = 223 + n - 3*n - v*n + 5*n. Is l(0) a composite number?
False
Suppose 0 = -7*n + 9919 + 3318. Is n prime?
False
Is (-9 - 1062/(-126)) + (-258406)/(-14) composite?
False
Suppose 86 + 4 = 15*v. Suppose 3*j - 3*z - 2208 = 0, 